11065260.
2, 3, 5, 11, 503, 937
List the prime factors of 2017461.
3, 103, 6529
List the prime factors of 530138053.
4157, 127529
List the prime factors of 6720552668.
2, 421, 3990827
List the prime factors of 886997802.
2, 3, 147832967
List the prime factors of 26383200.
2, 3, 5, 10993
What are the prime factors of 20427417?
3, 756571
What are the prime factors of 5710027261?
5710027261
List the prime factors of 95254664.
2, 109, 313, 349
What are the prime factors of 57850929?
3, 31, 23039
What are the prime factors of 1549381821?
3, 13, 23, 1727293
What are the prime factors of 4163411?
7, 594773
List the prime factors of 162192042.
2, 3, 457, 19717
What are the prime factors of 251360934?
2, 3, 11, 229, 16631
What are the prime factors of 45966580?
2, 5, 11, 37, 5647
What are the prime factors of 216775178?
2, 223, 486043
What are the prime factors of 422346198?
2, 3, 17, 29, 71, 2011
List the prime factors of 1933817150.
2, 5, 17, 19, 29, 4129
What are the prime factors of 56595826?
2, 7, 41, 43, 2293
List the prime factors of 1089446342.
2, 41, 13285931
What are the prime factors of 99634224?
2, 3, 2075713
What are the prime factors of 3115385850?
2, 3, 5, 59, 352021
What are the prime factors of 243523956?
2, 3, 13, 61, 157, 163
List the prime factors of 63190777.
13, 4860829
What are the prime factors of 97768361?
107, 913723
What are the prime factors of 78241843?
3389, 23087
List the prime factors of 10138969.
89, 113921
List the prime factors of 51816271.
13, 3985867
What are the prime factors of 2022992411?
11, 29, 6341669
What are the prime factors of 2041580966?
2, 17, 3532147
List the prime factors of 113437734.
2, 3, 29, 41, 15901
List the prime factors of 1952807501.
71, 1009, 27259
What are the prime factors of 1000235992?
2, 7, 1373, 13009
What are the prime factors of 104839134?
2, 3, 683, 25583
What are the prime factors of 181789003?
11, 16526273
List the prime factors of 6280051.
19, 383, 863
List the prime factors of 250096316.
2, 17, 19, 193573
List the prime factors of 171538598.
2, 7, 11, 1113887
List the prime factors of 2110880.
2, 5, 79, 167
List the prime factors of 54254989.
6547, 8287
What are the prime factors of 1095736473?
3, 13, 61, 153529
List the prime factors of 157301138.
2, 43, 53, 34511
What are the prime factors of 3074612984?
2, 19, 31, 652507
List the prime factors of 5992866.
2, 3, 11, 19, 59
List the prime factors of 27148174.
2, 1439, 9433
List the prime factors of 120877870.
2, 5, 12087787
What are the prime factors of 531315357?
3, 177105119
What are the prime factors of 181320297?
3, 71, 859, 991
List the prime factors of 172112889.
3, 13, 53, 83267
List the prime factors of 2282461336.
2, 19, 15016193
List the prime factors of 13726085.
5, 599, 4583
What are the prime factors of 152311376?
2, 7, 149, 9127
List the prime factors of 673164628.
2, 31, 5428747
List the prime factors of 357886731.
3, 67, 827, 2153
What are the prime factors of 1312826409?
3, 31, 4705471
List the prime factors of 15482490.
2, 3, 5, 569, 907
What are the prime factors of 264145620?
2, 3, 5, 281, 15667
List the prime factors of 42588616.
2, 7, 760511
What are the prime factors of 1803613368?
2, 3, 17, 2003, 2207
List the prime factors of 74493257.
29, 101, 877
List the prime factors of 1323317258.
2, 557, 1187897
What are the prime factors of 59569325?
5, 379, 6287
List the prime factors of 2079272376.
2, 3, 193, 49877
What are the prime factors of 687720706?
2, 343860353
List the prime factors of 3893519420.
2, 5, 7, 3972979
What are the prime factors of 1485706351?
593, 2505407
What are the prime factors of 99414162?
2, 3, 1841003
What are the prime factors of 115505652?
2, 3, 1439, 6689
What are the prime factors of 2456287673?
7, 1987, 176597
What are the prime factors of 9457419?
3, 383, 8231
What are the prime factors of 1143208622?
2, 17, 53, 271, 2341
What are the prime factors of 61344963?
3, 6816107
List the prime factors of 59073745.
5, 167, 263, 269
What are the prime factors of 15247584?
2, 3, 11, 4813
What are the prime factors of 2492151716?
2, 151, 947, 4357
List the prime factors of 2813445.
3, 5, 103, 607
What are the prime factors of 3848635006?
2, 577, 907, 3677
What are the prime factors of 543718556?
2, 135929639
What are the prime factors of 55843478?
2, 27921739
List the prime factors of 11422159.
7, 37, 44101
What are the prime factors of 35253281?
7, 5036183
List the prime factors of 86373758.
2, 59, 731981
List the prime factors of 747598853.
59, 3167, 4001
What are the prime factors of 827224508?
2, 11, 19, 151, 6553
List the prime factors of 2010557897.
73, 97, 283937
What are the prime factors of 2983919751?
3, 7121, 46559
List the prime factors of 32687115.
3, 5, 2179141
List the prime factors of 2731609831.
2731609831
What are the prime factors of 268362941?
7, 11, 3485233
What are the prime factors of 192978959?
9463, 20393
What are the prime factors of 6879673?
6879673
What are the prime factors of 6886681485?
3, 5, 59, 7781561
What are the prime factors of 391354337?
11, 137, 259691
List the prime factors of 308682324.
2, 3, 97, 88397
What are the prime factors of 95914083?
3, 127, 227, 1109
List the prime factors of 198418290.
2, 3, 5, 7, 29, 31, 1051
What are the prime factors of 1784845098?
2, 3, 1901, 17387
List the prime factors of 31714284.
2, 3, 7, 29, 47, 277
What are the prime factors of 35269802?
2, 179, 98519
List the prime factors of 3352332361.
7, 139, 3445357
List the prime factors of 516663975.
3, 5, 1237, 5569
What are the prime factors of 2196783050?
2, 5, 7, 11, 523, 1091
List the prime factors of 20737470.
2, 3, 5, 13, 53173
What are the prime factors of 195365493?
3, 61, 118619
What are the prime factors of 113821419?
3, 19, 1996867
List the prime factors of 1246580075.
5, 13, 3835631
What are the prime factors of 3809471?
3809471
What are the prime factors of 1527871833?
3, 19, 8934923
List the prime factors of 4021956900.
2, 3, 5, 13, 17, 73, 277
List the prime factors of 283333973.
13, 29, 751549
List the prime factors of 130762.
2, 65381
List the prime factors of 10433205.
3, 5, 31, 277
What are the prime factors of 390150460?
2, 5, 7, 2786789
List the prime factors of 2092978520.
2, 5, 199, 262937
What are the prime factors of 3032224209?
3, 7, 48130543
What are the prime factors of 111541508?
2, 13, 107, 20047
What are the prime factors of 89856428?
2, 197, 114031
List the prime factors of 208833558.
2, 3, 34805593
List the prime factors of 773143926.
2, 3, 4127, 31223
List the prime factors of 234504702.
2, 3, 229, 56891
What are the prime factors of 700504722?
2, 3, 1327, 29327
List the prime factors of 90980851.
13, 673, 10399
List the prime factors of 205281636.
2, 3, 7, 2443829
What are the prime factors of 28605801?
3, 7, 1362181
List the prime factors of 2031367904.
2, 6659, 9533
List the prime factors of 95039294.
2, 7, 6788521
List the prime factors of 1755362082.
2, 3, 19, 43, 433, 827
What are the prime factors of 58742264?
2, 7, 587, 1787
What are the prime factors of 416431874?
2, 1087, 191551
What are the prime factors of 8148497?
7, 1164071
What are the prime factors of 649381525?
5, 13, 19, 103, 1021
What are the prime factors of 26422435?
5, 13, 406499
List the prime factors of 138883721.
241, 409, 1409
What are the prime factors of 1794292394?
2, 897146197
List the prime factors of 523844803.
23, 383, 59467
What are the prime factors of 912514852?
2, 228128713
What are the prime factors of 143172502?
2, 11, 139, 46819
List the prime factors of 1507886050.
2, 5, 11, 701, 3911
What are the prime factors of 383909526?
2, 3, 7, 11, 13, 149
What are the prime factors of 5063989820?
2, 5, 19, 13326289
List the prime factors of 67377954.
2, 3, 7, 1604237
List the prime factors of 44423202.
2, 3, 433, 17099
What are the prime factors of 15458909?
15458909
List the prime factors of 1261210015.
5, 13, 19403231
What are the prime factors of 68527623?
3, 19, 1202239
What are the prime factors of 14782899?
3, 1217, 4049
List the prime factors of 787669896.
2, 3, 13, 223, 11321
What are the prime factors of 827095815?
3, 5, 7, 13, 17, 109
What are the prime factors of 209506374?
2, 3, 7, 11, 71, 2129
What are the prime factors of 251953545?
3, 5, 